of 2954 and 15192?
422
Calculate the highest common divisor of 2132 and 52.
52
Calculate the highest common factor of 477 and 795.
159
Calculate the greatest common factor of 16 and 148.
4
What is the highest common factor of 2509 and 39?
13
Calculate the highest common divisor of 810 and 2106.
162
What is the highest common factor of 80 and 2480?
80
Calculate the greatest common divisor of 54 and 270.
54
Calculate the highest common divisor of 16489 and 22.
11
What is the greatest common factor of 640 and 240?
80
Calculate the highest common divisor of 259 and 222.
37
Calculate the highest common factor of 98 and 2646.
98
Calculate the greatest common divisor of 108 and 636.
12
What is the highest common factor of 5 and 185?
5
Calculate the highest common divisor of 32 and 2096.
16
Calculate the greatest common factor of 18 and 549.
9
Calculate the greatest common factor of 220 and 108.
4
Calculate the greatest common divisor of 80 and 720.
80
Calculate the highest common divisor of 324 and 24.
12
What is the greatest common divisor of 107 and 2461?
107
Calculate the highest common divisor of 42 and 448.
14
Calculate the highest common factor of 793 and 39.
13
What is the highest common factor of 273 and 663?
39
What is the greatest common factor of 6860 and 700?
140
Calculate the highest common divisor of 8 and 72.
8
What is the greatest common factor of 47 and 658?
47
Calculate the highest common factor of 132 and 308.
44
What is the highest common divisor of 24 and 267?
3
What is the highest common divisor of 188 and 4?
4
Calculate the greatest common divisor of 66 and 132.
66
What is the highest common factor of 1904 and 42?
14
Calculate the highest common factor of 846 and 2502.
18
Calculate the greatest common divisor of 6 and 318.
6
Calculate the greatest common factor of 64387 and 67.
67
Calculate the highest common divisor of 3 and 4.
1
Calculate the greatest common divisor of 670 and 12.
2
Calculate the highest common divisor of 702 and 650.
26
What is the greatest common divisor of 51 and 119?
17
Calculate the greatest common divisor of 144 and 27.
9
Calculate the greatest common factor of 1990 and 10.
10
What is the highest common divisor of 9472 and 148?
148
What is the greatest common factor of 245 and 40?
5
Calculate the greatest common divisor of 25900 and 20.
20
Calculate the highest common divisor of 4209 and 184.
23
Calculate the highest common factor of 11960 and 3289.
299
What is the highest common divisor of 36 and 756?
36
Calculate the highest common factor of 126 and 147.
21
Calculate the highest common divisor of 103161 and 251.
251
What is the greatest common factor of 84 and 448?
28
What is the greatest common factor of 8 and 460?
4
Calculate the greatest common factor of 54 and 2538.
54
What is the highest common factor of 126 and 63?
63
Calculate the highest common factor of 96 and 784.
16
What is the highest common factor of 3684 and 192?
12
Calculate the highest common factor of 90 and 504.
18
What is the greatest common factor of 91 and 13?
13
What is the highest common factor of 8931 and 15?
3
What is the highest common factor of 2583 and 42?
21
Calculate the highest common divisor of 23446 and 38.
38
What is the highest common factor of 183 and 21?
3
Calculate the greatest common factor of 1587 and 69.
69
Calculate the highest common factor of 1 and 1.
1
Calculate the greatest common divisor of 11 and 44.
11
Calculate the greatest common divisor of 9114 and 558.
186
What is the greatest common factor of 576 and 9?
9
What is the greatest common factor of 195 and 260?
65
What is the greatest common factor of 558 and 36?
18
What is the greatest common factor of 2190 and 12?
6
Calculate the highest common factor of 1870 and 3630.
110
Calculate the greatest common divisor of 650 and 494.
26
What is the greatest common factor of 39 and 793?
13
Calculate the highest common factor of 1 and 53.
1
Calculate the highest common factor of 74 and 481.
37
What is the greatest common factor of 3 and 447?
3
What is the greatest common divisor of 24 and 5?
1
Calculate the highest common divisor of 125 and 1400.
25
Calculate the greatest common divisor of 16 and 5464.
8
What is the highest common divisor of 147 and 21?
21
Calculate the greatest common factor of 22 and 198.
22
What is the highest common divisor of 9822 and 6?
6
Calculate the greatest common divisor of 288 and 324.
36
What is the greatest common divisor of 204 and 221?
17
What is the highest common factor of 259 and 21?
7
What is the greatest common factor of 11441 and 85?
17
What is the greatest common divisor of 99 and 44?
11
What is the greatest common factor of 54 and 1809?
27
What is the highest common factor of 330 and 312?
6
Calculate the greatest common factor of 12 and 324.
12
What is the highest common divisor of 26 and 1105?
13
Calculate the greatest common factor of 703 and 74.
37
Calculate the highest common factor of 80 and 1780.
20
What is the highest common factor of 68 and 493?
17
What is the greatest common divisor of 105 and 1855?
35
Calculate the greatest common factor of 90 and 306.
18
What is the greatest common divisor of 2040 and 45?
15
What is the greatest common factor of 20 and 755?
5
What is the greatest common factor of 1510 and 30?
10
What is the highest common divisor of 35 and 14?
7
Calculate the highest common divisor of 36835 and 265.
265
Calculate the highest common divisor of 6623 and 537.
179
What is the highest common divisor of 80 and 160?
80
Calculate the greatest common factor of 3 and 8079.
3
Calculate the highest common divisor of 44 and 56320.
44
Calculate the highest common divisor of 27 and 4644.
27
Calculate the greatest common factor of 80 and 1280.
80
Calculate the highest common factor of 2 and 86.
2
What is the highest common factor of 133 and 3591?
133
What is the greatest common factor of 2244 and 714?
102
Calculate the greatest common factor of 1400 and 80.
40
Calculate the highest common divisor of 792 and 11.
11
Calculate the highest common factor of 2303 and 98.
49
What is the greatest common divisor of 178 and 2?
2
What is the greatest common divisor of 95 and 5567?
19
What is the greatest common factor of 75 and 50?
25
What is the highest common divisor of 57 and 38?
19
What is the greatest common divisor of 18 and 24?
6
What is the greatest common factor of 108 and 279?
9
What is the greatest common divisor of 246 and 410?
82
What is the greatest common divisor of 4366 and 74?
74
What is the greatest common factor of 210 and 2240?
70
What is the highest common factor of 208 and 16?
16
Calculate the greatest common factor of 400 and 48.
16
Calculate the greatest common factor of 160 and 200.
40
What is the highest common factor of 317 and 23141?
317
Calculate the highest common factor of 180 and 20.
20
Calculate the greatest common factor of 451 and 82.
41
What is the greatest common divisor of 1739 and 111?
37
Calculate the highest common factor of 16 and 6928.
16
Calculate the highest common factor of 273 and 42.
21
Calculate the greatest common divisor of 37656 and 36.
36
Calculate the highest common factor of 126 and 70.
14
Calculate the greatest common factor of 105 and 1995.
105
Calculate the highest common divisor of 4 and 52.
4
What is the greatest common factor of 10791 and 99?
99
What is the highest common divisor of 102 and 629?
17
Calculate the greatest common factor of 744 and 39.
3
Calculate the highest common divisor of 8 and 800.
8
What is the highest common factor of 12424 and 8?
8
Calculate the greatest common factor of 135 and 189.
27
Calculate the highest common factor of 4172 and 28.
28
What is the greatest common divisor of 2 and 1966?
2
What is the greatest common factor of 70 and 28?
14
What is the greatest common divisor of 245 and 5?
5
What is the greatest common factor of 445 and 5?
5
What is the greatest common divisor of 180 and 10?
10
Calculate the highest common divisor of 119 and 28.
7
What is the greatest common factor of 21867 and 197?
197
Calculate the greatest common factor of 33 and 627.
33
What is the greatest common factor of 87 and 232?
29
Calculate the highest common divisor of 1127 and 23.
23
What is the highest common factor of 20 and 25?
5
What is the highe